 381?
False
Is 286 a factor of 404690?
True
Is 423492 a multiple of 11?
False
Is 6 a factor of 99633?
False
Is 1308479 a multiple of 217?
False
Does 278 divide 1226814?
True
Is 2986667 a multiple of 35?
False
Is 14 a factor of 2969624?
True
Is 79862 a multiple of 16?
False
Does 113 divide 20387234?
True
Is 204948 a multiple of 36?
True
Does 7 divide 355789?
True
Does 22 divide 4896?
False
Is 88 a factor of 2148872?
True
Does 12 divide 680496?
True
Is 33 a factor of 2491776?
False
Is 3 a factor of 8159?
False
Is 22823669 a multiple of 43?
True
Does 12 divide 237840?
True
Is 26 a factor of 486342?
False
Does 1522 divide 8787202?
False
Is 3783226 a multiple of 191?
False
Is 375310 a multiple of 26?
True
Is 28377 a multiple of 43?
False
Is 2086620 a multiple of 20?
True
Is 23549317 a multiple of 10?
False
Is 450600 a multiple of 75?
True
Is 4 a factor of 90768?
True
Does 176 divide 201168?
True
Is 2 a factor of 80098?
True
Is 242868 a multiple of 109?
False
Is 32 a factor of 30464?
True
Does 9 divide 1402176?
False
Does 493 divide 2475670?
False
Does 37 divide 7487180?
False
Does 463 divide 1394594?
False
Is 694 a factor of 26309540?
True
Does 205 divide 2573842?
False
Does 543 divide 2102029?
False
Is 29 a factor of 182992?
False
Does 45 divide 73456?
False
Does 40 divide 35080?
True
Is 418 a factor of 210208?
False
Is 6033368 a multiple of 74?
True
Does 15 divide 260628?
False
Is 60964 a multiple of 10?
False
Is 1257277 a multiple of 222?
False
Is 796 a factor of 4254241?
False
Is 338991 a multiple of 11?
False
Does 240 divide 8168640?
True
Is 199163 a multiple of 14?
False
Does 386 divide 57467?
False
Is 241 a factor of 25814956?
True
Is 10364810 a multiple of 8?
False
Is 376013 a multiple of 51?
False
Does 17 divide 18504976?
True
Is 5200950 a multiple of 75?
True
Is 15 a factor of 11762426?
False
Is 3 a factor of 239184?
True
Is 769704 a multiple of 9?
False
Is 730488 a multiple of 22?
True
Is 19312 a multiple of 142?
True
Is 240500 a multiple of 2?
True
Does 13 divide 4439823?
False
Is 2834516 a multiple of 62?
True
Does 90 divide 1230243?
False
Does 3 divide 4687?
False
Is 531019 a multiple of 13?
False
Is 7029297 a multiple of 1111?
True
Does 955 divide 7191150?
True
Does 8 divide 8112904?
True
Does 111 divide 528915?
True
Does 24 divide 29586?
False
Is 38 a factor of 2948894?
False
Is 10185780 a multiple of 132?
True
Is 364867 a multiple of 339?
False
Is 220566 a multiple of 3?
True
Is 13528182 a multiple of 2844?
False
Does 275 divide 235197?
False
Is 83243 a multiple of 81?
False
Is 18 a factor of 3925962?
True
Is 39934 a multiple of 10?
False
Is 4189520 a multiple of 16?
True
Is 9753 a multiple of 32?
False
Is 3834879 a multiple of 9?
False
Is 77614 a multiple of 257?
True
Does 33 divide 82632?
True
Is 645632 a multiple of 128?
True
Does 17 divide 5845?
False
Is 834637 a multiple of 41?
True
Does 59 divide 236345?
False
Is 10503341 a multiple of 23?
True
Is 5760 a multiple of 72?
True
Is 263 a factor of 23711291?
True
Is 1094856 a multiple of 7?
True
Is 95 a factor of 424650?
True
Does 206 divide 104022?
False
Does 23 divide 1309965?
True
Is 315540 a multiple of 36?
True
Does 9 divide 21975?
False
Is 65 a factor of 81315?
True
Is 28 a factor of 13102?
False
Does 17 divide 69139?
True
Is 2938322 a multiple of 10?
False
Does 40 divide 4117480?
True
Is 834848 a multiple of 56?
True
Is 9695782 a multiple of 1810?
False
Is 857 a factor of 1470612?
True
Is 17 a factor of 81842?
False
Is 274 a factor of 104942?
True
Does 15 divide 17211?
False
Is 10 a factor of 3609054?
False
Is 63736 a multiple of 11?
False
Is 1058325 a multiple of 103?
True
Is 761436 a multiple of 12?
True
Does 32 divide 27807?
False
Does 10 divide 475389?
False
Is 2375019 a multiple of 650?
False
Is 2102073 a multiple of 157?
True
Is 12082044 a multiple of 164?
True
Is 10893750 a multiple of 75?
True
Is 6 a factor of 22002?
True
Is 5510041 a multiple of 303?
False
Does 59 divide 50268?
True
Does 278 divide 295792?
True
Is 658 a factor of 126994?
True
Does 254 divide 160782?
True
Does 13 divide 44837?
True
Does 674 divide 1898658?
True
Is 218155 a multiple of 35?
True
Is 199335 a multiple of 97?
True
Is 331 a factor of 718054?
False
Is 61917 a multiple of 4?
False
Is 30 a factor of 287340?
True
Does 77 divide 4079939?
False
Is 28 a factor of 200340?
True
Is 19 a factor of 569012?
True
Does 79 divide 154949?
False
Does 130 divide 1302600?
True
Does 42 divide 2675106?
True
Is 315500 a multiple of 25?
True
Is 527 a factor of 16141?
False
Is 240 a factor of 10397040?
True
Is 95859 a multiple of 14?
False
Is 14 a factor of 60344?
False
Is 139315 a multiple of 318?
False
Is 46215 a multiple of 14?
False
Is 8 a factor of 1419016?
True
Is 76400 a multiple of 80?
True
Does 41 divide 1034840?
True
Does 55 divide 942589?
False
Is 15819965 a multiple of 10?
False
Is 176329 a multiple of 171?
False
Is 15914 a multiple of 8?
False
Is 13804584 a multiple of 557?
False
Does 92 divide 593676?
True
Is 186 a factor of 1678464?
True
Is 52 a factor of 122708?
False
Does 21 divide 11494056?
True
Does 23 divide 4857213?
False
Does 21 divide 391776?
True
Does 16 divide 94322?
False
Does 155 divide 6571416?
False
Is 56 a factor of 385392?
True
Is 825 a factor of 2766225?
True
Is 44560 a multiple of 5?
True
Is 327 a factor of 88632?
False
Does 20 divide 957200?
True
Is 242 a factor of 164071?
False
Is 11882380 a multiple of 197?
False
Is 215 a factor of 564642?
False
Does 90 divide 1854166?
False
Is 38958 a multiple of 86?
True
Is 59 a factor of 1634603?
False
Is 1163875 a multiple of 137?
False
Is 242353 a multiple of 84?
False
Is 32280 a multiple of 40?
True
Is 315 a factor of 8190?
True
Does 57 divide 731355?
False
Does 104 divide 27639?
False
Does 107 divide 1159263?
False
Is 25 a factor of 114175?
True
Does 17 divide 8722310?
False
Is 245233 a multiple of 58?
False
Is 87170 a multiple of 9?
False
Is 15 a factor of 10395?
True
Does 14 divide 8062642?
True
Is 674570 a multiple of 65?
True
Is 262 a factor of 4192?
True
Is 107 a factor of 228902?
False
Is 1101855 a multiple of 570?
False
Does 7 divide 129857?
True
Is 357 a factor of 1162035?
True
Is 1320 a factor of 11506440?
True
Does 127 divide 1347089?
True
Is 834 a factor of 2434267?
False
Is 73386 a multiple of 54?
True
Is 1833740 a multiple of 662?
True
Is 82 a factor of 9718804?
True
Does 75 divide 9662428?
False
Does 130 divide 343590?
True
Does 36 divide 61308?
True
Is 299 a factor of 451573?
False
Is 128268 a multiple of 126?
True
Is 1213388 a multiple of 436?
True
Does 84 divide 224051?
False
Is 5570784 a multiple of 72?
True
Is 19632 a multiple of 3?
True
Does 5 divide 3744085?
True
Does 29 divide 6102?
False
Is 7 a factor of 320873?
True
Does 22 divide 25791441?
False
Is 3973857 a multiple of 73?
False
Does 921 divide 681540?
True
Does 1045 divide 939455?
True
Is 529256 a multiple of 104?
True
Is 1072124 a multiple of 1154?
False
Does 3 divide 117480?
True
Does 58 divide 125454?
True
Is 8 a factor of 638445?
False
Is 7 a factor of 926037?
True
Does 5 divide 16540?
True
Is 131 a factor of 804078?
True
Is 1457008 a multiple of 224?
False
Is 197208 a multiple of 12?
True
Is 561156 a multiple of 4?
True
Is 1105055 a multiple of 54?
False
Does 7 divide 349452?
False
Does 95 divide 1818205?
True
Does 1117 divide 3181255?
False
Does 92 divide 7259076?
True
Does 3 divide 17365?
False
Is 224696 a multiple of 8?
True
Is 1083520 a multiple of 16?
True
Is 918028 a multiple of 179?
False
Is 3391948 a multiple of 82?
False
Is 104503 a multiple of 7?
True
Is 53 a factor of 10091540?
False
Is 3230136 a multiple of 406?
True
Is 184456 a multiple of 35?
False
Is 20911 a multiple of 214?
False
Does 857 divide 673602?
True
Is 84 a factor of 1991472?
True
Does 5 divide 289841?
False
Does 130 divide 24455?
False
Is 16 a factor of 2366016?
True
Is 7 a factor of 11194534?
False
Is 733010 a multiple of 46?
True
Does 161 divide 315882?
True
Is 11 a factor of 2292594?
False
Is 3128806 a multiple of 795?
False
Is 13440 a multiple of 40?
True
Does 22 divide 26642?
True
Does 3268 divide 32402616?
False
Is 15 a factor of 2565075?
True
Is 20 a factor of 13599475?
False
Is 706306 a multiple of 95?
False
Does 154 divide 80850?
True
Is 24 a factor of 80736?
True
Is